{"id":77,"date":"2018-01-15T11:56:48","date_gmt":"2018-01-15T16:56:48","guid":{"rendered":"https:\/\/www.spellingdojo.com\/home\/?page_id=77"},"modified":"2022-01-08T06:01:55","modified_gmt":"2022-01-08T11:01:55","slug":"en-espanol","status":"publish","type":"page","link":"https:\/\/www.spellingdojo.com\/home\/index.php\/en-espanol\/","title":{"rendered":"_En espa\u00f1ol_"},"content":{"rendered":"<p><img loading=\"lazy\" decoding=\"async\" class=\"aligncenter size-medium wp-image-442\" src=\"https:\/\/www.spellingdojo.com\/home\/wp-content\/uploads\/2022\/01\/PF1-demo-300x219.png\" alt=\"Portada paquete de actividades\" width=\"300\" height=\"219\" srcset=\"https:\/\/www.spellingdojo.com\/home\/wp-content\/uploads\/2022\/01\/PF1-demo-300x219.png 300w, https:\/\/www.spellingdojo.com\/home\/wp-content\/uploads\/2022\/01\/PF1-demo.png 333w\" sizes=\"auto, (max-width: 300px) 100vw, 300px\" \/><\/p>\n<p>Practicamos el deletreo, la fonolog\u00eda, la ortograf\u00eda y el vocabulario, tambi\u00e9n en espa\u00f1ol. Los paquetes de actividades contienen ejercicios para que los estudiantes aprendan y practiquen las palabras a su propio ritmo o al ritmo designado por sus maestros. Las actividades est\u00e1n niveladas y facilitan la diferenciaci\u00f3n en la instrucci\u00f3n de los estudiantes.<\/p>\n<p>Existen tambi\u00e9n actividades que pueden ser realizadas en l\u00ednea, para que los estudiantes puedan saber c\u00f3mo pronunciar correctamente las palabras que est\u00e1n aprendiendo.<\/p>\n<p>Los maestros y las familias <a href=\"https:\/\/www.spellingdojo.com\/home\/index.php\/request-your-learning-resource\/\">pueden tambi\u00e9n solicitar sus propias listas de palabras y oraciones personalizadas<\/a>.<\/p>\n<p>Descargue nuestro <a href=\"https:\/\/www.spellingdojo.com\/home\/index.php\/download\/demo-packs\/\">paquete de ejemplo<\/a> para saber m\u00e1s.<\/p>\n","protected":false},"excerpt":{"rendered":"<p>Practicamos el deletreo, la fonolog\u00eda, la ortograf\u00eda y el vocabulario, tambi\u00e9n en espa\u00f1ol. Los paquetes de actividades contienen ejercicios para que los estudiantes aprendan y practiquen las palabras a su propio ritmo o al ritmo <a class=\"more-link\" href=\"https:\/\/www.spellingdojo.com\/home\/index.php\/en-espanol\/\">Read More &#8230;<\/a><\/p>\n","protected":false},"author":1,"featured_media":0,"parent":0,"menu_order":0,"comment_status":"closed","ping_status":"closed","template":"","meta":{"footnotes":""},"class_list":["post-77","page","type-page","status-publish","hentry"],"_links":{"self":[{"href":"https:\/\/www.spellingdojo.com\/home\/index.php\/wp-json\/wp\/v2\/pages\/77","targetHints":{"allow":["GET"]}}],"collection":[{"href":"https:\/\/www.spellingdojo.com\/home\/index.php\/wp-json\/wp\/v2\/pages"}],"about":[{"href":"https:\/\/www.spellingdojo.com\/home\/index.php\/wp-json\/wp\/v2\/types\/page"}],"author":[{"embeddable":true,"href":"https:\/\/www.spellingdojo.com\/home\/index.php\/wp-json\/wp\/v2\/users\/1"}],"replies":[{"embeddable":true,"href":"https:\/\/www.spellingdojo.com\/home\/index.php\/wp-json\/wp\/v2\/comments?post=77"}],"version-history":[{"count":0,"href":"https:\/\/www.spellingdojo.com\/home\/index.php\/wp-json\/wp\/v2\/pages\/77\/revisions"}],"wp:attachment":[{"href":"https:\/\/www.spellingdojo.com\/home\/index.php\/wp-json\/wp\/v2\/media?parent=77"}],"curies":[{"name":"wp","href":"https:\/\/api.w.org\/{rel}","templated":true}]}}